 5, 19, 373, 7297
What are the prime factors of 2134528197?
3, 157, 1453, 3119
List the prime factors of 2131301005.
5, 426260201
List the prime factors of 192563644.
2, 7, 13, 71, 7451
List the prime factors of 59767501.
23, 103, 25229
What are the prime factors of 30058241?
30058241
List the prime factors of 22884150.
2, 3, 5, 41, 61
List the prime factors of 54303085.
5, 10860617
List the prime factors of 699169771.
19, 2333, 15773
What are the prime factors of 1816171128?
2, 3, 25224599
What are the prime factors of 44402554?
2, 7, 3171611
What are the prime factors of 137775248?
2, 13, 593, 1117
List the prime factors of 1295728189.
7, 83, 347, 6427
What are the prime factors of 169973584?
2, 11, 965759
What are the prime factors of 137986520?
2, 5, 7, 461, 1069
List the prime factors of 24290370.
2, 3, 5, 13, 1597
What are the prime factors of 978280335?
3, 5, 227, 3547
List the prime factors of 64935497.
11, 48787
List the prime factors of 286217969.
71, 4031239
What are the prime factors of 117906552?
2, 3, 19, 79, 1091
List the prime factors of 284678413.
17, 29, 97, 5953
What are the prime factors of 203794381?
7, 53, 97, 809
List the prime factors of 1873818753.
3, 624606251
What are the prime factors of 30676051?
7, 19, 230647
What are the prime factors of 1621211565?
3, 5, 113, 661, 1447
List the prime factors of 320002160.
2, 5, 1777, 2251
List the prime factors of 2586412555.
5, 17, 30428383
What are the prime factors of 634099166?
2, 2693, 117731
What are the prime factors of 111979951?
109, 193, 5323
What are the prime factors of 5358593181?
3, 1786197727
What are the prime factors of 638337788?
2, 11, 14507677
What are the prime factors of 2706177533?
1409, 1920637
List the prime factors of 15202536.
2, 3, 719, 881
List the prime factors of 56760162.
2, 3, 9460027
What are the prime factors of 9390161?
11, 19, 179, 251
List the prime factors of 36958928.
2, 2309933
List the prime factors of 43362328.
2, 5420291
What are the prime factors of 441213635?
5, 88242727
List the prime factors of 310368098.
2, 89, 1743641
List the prime factors of 37807686.
2, 3, 7, 191, 1571
What are the prime factors of 2468056716?
2, 3, 29, 87557
List the prime factors of 2687887983.
3, 11, 1873, 43487
List the prime factors of 3936567055.
5, 787313411
List the prime factors of 9039764018.
2, 45389, 99581
What are the prime factors of 102120252?
2, 3, 13, 29, 22573
What are the prime factors of 792235288?
2, 13, 239, 31873
List the prime factors of 41011506.
2, 3, 53, 42989
What are the prime factors of 1086581221?
11, 41, 2409271
What are the prime factors of 113451115?
5, 17, 1334719
List the prime factors of 425228866.
2, 212614433
What are the prime factors of 200722454?
2, 829, 121063
What are the prime factors of 116620968?
2, 3, 4859207
List the prime factors of 200657267.
23, 1487, 5867
What are the prime factors of 1360325039?
89, 15284551
What are the prime factors of 370807352?
2, 46350919
List the prime factors of 298611514.
2, 2207, 67651
List the prime factors of 29970686.
2, 179, 83717
What are the prime factors of 735467732?
2, 19, 113, 85639
What are the prime factors of 41724979?
41724979
What are the prime factors of 58566190?
2, 5, 17, 37, 9311
What are the prime factors of 12989754?
2, 3, 240551
List the prime factors of 870574149.
3, 107, 100447
What are the prime factors of 5720019477?
3, 23, 37, 821, 2729
What are the prime factors of 397745469?
3, 11, 29, 31, 41, 109
What are the prime factors of 883923480?
2, 3, 5, 11, 29, 43, 179
What are the prime factors of 3256003?
43, 75721
List the prime factors of 1165085398.
2, 1987, 293177
List the prime factors of 95906098.
2, 47953049
What are the prime factors of 363194424?
2, 3, 19, 265493
List the prime factors of 18796439.
479, 39241
What are the prime factors of 864041163?
3, 101, 2851621
What are the prime factors of 35771421?
3, 7, 243343
List the prime factors of 6334022446.
2, 3167011223
What are the prime factors of 72045473?
17, 19, 223051
List the prime factors of 228110642.
2, 23, 397, 12491
What are the prime factors of 123738377?
7, 2525273
What are the prime factors of 14522501?
7, 2074643
List the prime factors of 241693056.
2, 3, 11, 19073
List the prime factors of 1748112738.
2, 3, 5303, 54941
What are the prime factors of 3881918218?
2, 709, 1327, 2063
List the prime factors of 51313880.
2, 5, 157, 8171
What are the prime factors of 1953510596?
2, 17, 28728097
What are the prime factors of 74861645?
5, 14972329
What are the prime factors of 31775277?
3, 19, 557461
List the prime factors of 1934190150.
2, 3, 5, 191, 67511
List the prime factors of 32915723.
17, 1936219
List the prime factors of 27170902.
2, 11, 1235041
What are the prime factors of 40317039?
3, 7, 127, 5039
List the prime factors of 59162523.
3, 7, 19, 29, 5113
List the prime factors of 1667309174.
2, 22853, 36479
What are the prime factors of 324334865?
5, 31, 61, 34303
List the prime factors of 211006616.
2, 809, 32603
What are the prime factors of 46503035?
5, 131, 70997
List the prime factors of 31024410.
2, 3, 5, 1034147
What are the prime factors of 632619869?
7, 71, 1087, 1171
What are the prime factors of 101479596?
2, 3, 17, 497449
What are the prime factors of 83342828?
2, 20835707
List the prime factors of 310848820.
2, 5, 15542441
List the prime factors of 718466645.
5, 13, 2677, 4129
List the prime factors of 23199107.
53, 437719
What are the prime factors of 169276107?
3, 7, 11, 13, 56369
List the prime factors of 29471667.
3, 251, 39139
What are the prime factors of 190101134?
2, 263, 361409
What are the prime factors of 791239271?
197, 4016443
List the prime factors of 5795630715.
3, 5, 7, 29, 139, 13693
List the prime factors of 4528268128.
2, 141508379
List the prime factors of 437289342.
2, 3, 7, 10411651
List the prime factors of 914893688.
2, 114361711
List the prime factors of 1140408685.
5, 13, 53, 109, 3037
List the prime factors of 5607905028.
2, 3, 11, 43, 173, 5711
List the prime factors of 1535002682.
2, 73, 10513717
List the prime factors of 2153581758.
2, 3, 119643431
What are the prime factors of 2654500279?
19, 127, 829, 1327
What are the prime factors of 61789471?
2293, 26947
What are the prime factors of 8744199?
3, 19, 153407
What are the prime factors of 593290791?
3, 1429, 15377
What are the prime factors of 837564756?
2, 3, 7, 107, 93187
What are the prime factors of 140386446?
2, 3, 73, 1319
What are the prime factors of 649677804?
2, 3, 47, 1151911
List the prime factors of 524981685.
3, 5, 19, 1842041
List the prime factors of 252328527.
3, 11, 94399
What are the prime factors of 366447148?
2, 19, 1451, 3323
List the prime factors of 1743028455.
3, 5, 7, 557, 29803
What are the prime factors of 46362460?
2, 5, 193, 12011
What are the prime factors of 4661818120?
2, 5, 7457, 15629
List the prime factors of 190812237.
3, 7, 11, 41, 20147
List the prime factors of 8154263.
13, 627251
List the prime factors of 19248937.
19248937
List the prime factors of 314963250.
2, 3, 5, 7, 17, 3529
What are the prime factors of 626838677?
257, 2439061
What are the prime factors of 251544567?
3, 83848189
List the prime factors of 518953381.
518953381
List the prime factors of 442333125.
3, 5, 13, 23, 263
List the prime factors of 1090657605.
3, 5, 41, 647, 2741
List the prime factors of 298715940.
2, 3, 5, 1659533
What are the prime factors of 1973663880?
2, 3, 5, 43, 382493
What are the prime factors of 60934412?
2, 7, 11, 37, 5347
What are the prime factors of 47955577?
61, 229, 3433
List the prime factors of 37027227.
3, 12342409
List the prime factors of 12469160.
2, 5, 11, 17, 1667
List the prime factors of 56133656.
2, 173, 40559
List the prime factors of 428225927.
1049, 408223
What are the prime factors of 13541334?
2, 3, 37, 181, 337
List the prime factors of 307097693.
7, 103, 137, 3109
List the prime factors of 14463760.
2, 5, 180797
What are the prime factors of 291067184?
2, 31, 647, 907
List the prime factors of 28031647.
7, 53, 75557
What are the prime factors of 64981006?
2, 32490503
List the prime factors of 1194652334.
2, 421, 659, 2153
List the prime factors of 769439347.
1033, 744859
What are the prime factors of 577863796?
2, 17, 19, 447263
Lis